 - 10221003?
-10221002
In base 13, what is -6 + -21a05?
-21a0b
In base 8, what is -6 - -156774?
156766
In base 9, what is 24843 - -1?
24844
In base 5, what is 144 - -300?
444
In base 12, what is 34bb6 - -19?
35013
In base 3, what is -10 + 212011211010?
212011211000
In base 8, what is -2 - -133133?
133131
In base 11, what is 66 - -3234?
329a
In base 13, what is -7442b - -5?
-74426
In base 15, what is -2 - 35b23?
-35b25
In base 6, what is -15353 + -333?
-20130
In base 3, what is 1012 - 201211211?
-201210122
In base 4, what is 11 + 1132300032?
1132300103
In base 4, what is -11 + 11002011?
11002000
In base 5, what is -133 - -2403?
2220
In base 3, what is -1110010011 - -10101?
-1102222210
In base 13, what is 1615c - 23?
16139
In base 3, what is 2210201 - -122?
2211100
In base 10, what is -5 - -1460574?
1460569
In base 13, what is 66439 + 1?
6643a
In base 6, what is -2333 - 1402?
-4135
In base 9, what is 127 + 4471?
4608
In base 16, what is -13 - -28d?
27a
In base 9, what is -7063 + -1?
-7064
In base 16, what is -6c + 126?
ba
In base 2, what is -101 + 110000100100010?
110000100011101
In base 11, what is -4 + 3a37?
3a33
In base 14, what is -13 + 33d1?
33bc
In base 14, what is cb8 - b?
cab
In base 2, what is -11 - 1100111110101?
-1100111111000
In base 4, what is 2222200 - -3?
2222203
In base 8, what is 44671 - 63?
44606
In base 12, what is -110575 - -4?
-110571
In base 16, what is -1 - -22498?
22497
In base 4, what is -23 + 1321313?
1321230
In base 3, what is -1021 - -2210100211?
2210022120
In base 16, what is 7f63c - 0?
7f63c
In base 13, what is 9 - 5904?
-58c8
In base 15, what is -2 + -32e94?
-32e96
In base 6, what is -1325 - 121551?
-123320
In base 7, what is 3 - 45665?
-45662
In base 5, what is 22 + -40304?
-40232
In base 2, what is 101 + -111010010001100?
-111010010000111
In base 9, what is 72 + -1240?
-1157
In base 3, what is -121222011 + 22?
-121221212
In base 16, what is -4ec1 + 5?
-4ebc
In base 9, what is -173 + -26?
-210
In base 12, what is -14 - 615?
-629
In base 12, what is -63043 + 4?
-6303b
In base 8, what is 7 + 115673?
115702
In base 3, what is -1122200102100 + -1?
-1122200102101
In base 12, what is 53 + 2b02a?
2b081
In base 8, what is 73 + -101771?
-101676
In base 14, what is -cb3 + 6b9?
-5d8
In base 7, what is -501041 + 2?
-501036
In base 15, what is -20 - -d608?
d5d8
In base 16, what is 4 - 19f05?
-19f01
In base 13, what is 5755 - a?
5748
In base 10, what is 62869 - -9?
62878
In base 15, what is 1 + 71eb?
71ec
In base 14, what is 4546d + -3?
4546a
In base 10, what is 1 - -12730?
12731
In base 7, what is -261 + -5526?
-6120
In base 4, what is 101 - -111113?
111220
In base 9, what is -45 + 23630?
23574
In base 7, what is -46625 - 33?
-46661
In base 16, what is 5e3a2 - -8?
5e3aa
In base 8, what is 357 - -3563?
4142
In base 15, what is -76 + -988?
-a0e
In base 10, what is 6 + 7340?
7346
In base 11, what is 66 - -2a06?
2a71
In base 10, what is -35761 - 1?
-35762
In base 5, what is -1 + 1021312?
1021311
In base 14, what is 18 + -50a?
-4d2
In base 6, what is 212513 - 0?
212513
In base 4, what is 13010 + 21232?
100302
In base 5, what is -2303 + 1001?
-1302
In base 16, what is -13b0 - 4?
-13b4
In base 11, what is 15 + 16710?
16725
In base 6, what is 254 - -22400?
23054
In base 8, what is -2632 + -74?
-2726
In base 13, what is -bc4 - -1b?
-ba6
In base 11, what is -1a6336 + -3?
-1a6339
In base 4, what is 1330 + -2232?
-302
In base 4, what is -13 - -1303211?
1303132
In base 16, what is -1 + -375?
-376
In base 11, what is 4 + 42310?
42314
In base 4, what is -203111 - -32?
-203013
In base 11, what is -1 + 4aa540?
4aa53a
In base 3, what is -101 - 11022?
-11200
In base 10, what is -247182 - -17?
-247165
In base 16, what is b + 1d855?
1d860
In base 9, what is 31 - 1085?
-1054
In base 10, what is -215693 - -2?
-215691
In base 9, what is 2403 + -34?
2358
In base 8, what is -523 + -3223?
-3746
In base 5, what is 1332 - 44332?
-43000
In base 16, what is -77 + 7?
-70
In base 13, what is 4516b + -1?
4516a
In base 9, what is -15684 + -1?
-15685
In base 3, what is 1 - -112211112?
112211120
In base 7, what is 56350 - -10?
56360
In base 7, what is -33 - -10566?
10533
In base 9, what is -20 + 2866?
2846
In base 8, what is -15073 + -57?
-15152
In base 7, what is 115 + 16?
134
In base 15, what is 43 + 11892?
118d5
In base 3, what is 10020022220 + -1?
10020022212
In base 4, what is -32032300 - -10?
-32032230
In base 4, what is -10213 + -32101?
-102320
In base 12, what is -2 + -151714?
-151716
In base 9, what is 2 + -313626?
-313624
In base 2, what is 100101100000001011 - 10010?
100101011111111001
In base 7, what is -4 + 622432?
622425
In base 8, what is 32 + 4433?
4465
In base 14, what is -11073 - -3?
-11070
In base 8, what is 53536 + -3?
53533
In base 7, what is -65610 + -34?
-65644
In base 13, what is 8 + 29c73?
29c7b
In base 12, what is 25b + -1620?
-1381
In base 3, what is 210 - -2200221120?
2200222100
In base 13, what is 5 + -65b98?
-65b93
In base 13, what is 737 + 3c0?
b27
In base 4, what is 22 + -2233310?
-2233222
In base 7, what is 46411156 + -2?
46411154
In base 6, what is -5115140 + 1?
-5115135
In base 5, what is -201434 - 232?
-202221
In base 7, what is 4 - -34553?
34560
In base 15, what is -1 + -20be7?
-20be8
In base 10, what is 295 - -98?
393
In base 14, what is -5 - -37ca?
37c5
In base 5, what is -1 - -4134100?
4134044
In base 6, what is -13 + -43244?
-43301
In base 7, what is -60 + 5?
-52
In base 4, what is -3 + 32211022?
32211013
In base 11, what is -3 - 224a?
-2252
In base 16, what is -5 + 58ce?
58c9
In base 11, what is 1649 + -91?
1568
In base 8, what is -16117 - 4?
-16123
In base 10, what is 19000 - 11?
18989
In base 11, what is -9a2989 + -1?
-9a298a
In base 9, what is 1 + -3773?
-3772
In base 2, what is 10000111 + 10000001010?
10010010001
In base 9, what is -8 - 20376?
-20385
In base 15, what is -e23 - 6?
-e29
In base 9, what is 233768 - -3?
233772
In base 5, what is -20 - -23111?
23041
In base 15, what is -1233 + -2?
-1235
In base 4, what is -102 - 10212033?
-10212201
In base 8, what is -43643 - 7?
-43652
In base 9, what is -266 - 400?
-666
In base 7, what is 2133133 + -5?
2133125
In base 11, what is -107 + 5660?
5554
In base 8, what is 425246 + -10?
425236
In base 2, what is 0 + -1001111101011?
-1001111101011
In base 4, what is -110 + 20133?
20023
In base 12, what is 31 - -1241a?
1244b
In base 10, what is 252485 - 3?
252482
In base 11, what is 528 + -8759?
-8231
In base 11, what is -883 + -210?
-a93
In base 4, what is -2103 - -1222333?
1220230
In base 9, what is 15528 - 1?
15527
In base 13, what is -c6 - -2ca?
204
In base 2, what is -1 + 1100001000101?
1100001000100
In base 13, what is -6a - 205a0?
-2063a
In base 8, what is 2230 - -5?
2235
In base 7, what is -20264 - -3?
-20261
In base 7, what is 1614 + -4101?
-2154
In base 3, what is -2222121002021 + -12?
-2222121002110
In base 5, what is -3 - -312224?
312221
In base 11, what is -1 + 36097?
36096
In base 7, what is -3523304 + 2?
-3523302
In base 13, what is -8 + 4521?
4516
In base 6, what is 31334443 - 4?
31334435
In base 2, what is -1000111000001111111011 - 100?
-1000111000001111111111
In base 2, what is 1111 + 1011001001?
1011011000
In base 15, what is 12894 + 14?
128a8
In base 9, what is 5 + -470564?
-470558
In base 8, what is 4 - 57467?
-57463
In base 13, what is 5 - 8398?
-8393
In base 4, what is 201013213 + 13?
201013232
In base 14, what is a826a0 + 5?
a826a5
In base 6, what is -43550 + -22?
-44012
In base 16, what is -2 + -9392e?
-93930
In base 10, what is -628 + 15?
-613
In base 11, what is -3 - -13a1a0?
13a198
In base 12, what is 308a65 - 3?
308a62
In base 14, what is 21706 - -5?
2170b
In base 14, what is -255 + -169?
-3c0
In base 10, what is 8 - -73832?
73840
In base 7, what is -2232 - -105?
-2124
In base 14, what is 2a6c + 219?
2c87
In base 5, what is -141 - -1421?
1230
In base 14, what is 5140 + -20?
5120
In base 10, what is -4 - -87287?
87283
In base 4, what is 1132212 - -23?
1132301
In base 7, what is 226 + -3603?
-3344
In base 6, what is 24122 + -440?
23242
In base 10, what is -2697 - 82?
-2779
In base 9, what is 6875 - 175?
6700
In base 8, what is -3201 - -331?
-2650
In base 12, what is -2 - -130754?
130752
In base 15, what is -27a - a?
-285
In base 7, what is 162 - 541